{"id":230,"date":"2015-05-26T09:04:31","date_gmt":"2015-05-26T08:04:31","guid":{"rendered":"http:\/\/aquarellepassion.fr\/wordpress\/?page_id=230"},"modified":"2021-10-21T14:56:32","modified_gmt":"2021-10-21T13:56:32","slug":"biographie","status":"publish","type":"page","link":"https:\/\/aquarellepassion.fr\/wordpress\/","title":{"rendered":"Biographie"},"content":{"rendered":"<p style=\"text-align: justify;\">\n<p style=\"text-align: justify;\"><span style=\"font-size: 14pt;\"><em><span style=\"font-family: georgia, palatino, serif; color: #993300;\">D\u00e9s mon plus jeune age,la peinture a fait partie de ma vie \u00e0 la gouache bien sur.<\/span><\/em><\/span><span style=\"font-size: 14pt;\"><em><span style=\"font-family: georgia, palatino, serif; color: #993300;\"> Puis en 1985 lors d&#8217;une maladie ,j&#8217;ai eu mes premiers tubes de peinture \u00e0 l&#8217;huile.<\/span><\/em><\/span><\/p>\n<p style=\"text-align: justify;\"><span style=\"font-size: 14pt;\"><em><span style=\"font-family: georgia, palatino, serif; color: #993300;\">Une activit\u00e9 professionnelle intense m\u2019a \u00e9loign\u00e9 de mes tubes ainsi qu\u2019une nouvelle vie.<\/span><\/em><\/span><\/p>\n<p style=\"text-align: justify;\"><span style=\"font-size: 14pt;\"><em><span style=\"font-family: georgia, palatino, serif; color: #993300;\">En 2010 en sortant d\u2019un cours de gymnastique,j\u2019entends des rires qui proviennent d\u2019une fen\u00eatre proche.<\/span><\/em><\/span><\/p>\n<p style=\"text-align: justify;\"><span style=\"font-size: 14pt;\"><em><span style=\"font-family: georgia, palatino, serif; color: #993300;\">Je regarde et je vois un groupe en train de peindre .<\/span><\/em><\/span><\/p>\n<p style=\"text-align: justify;\"><span style=\"font-size: 14pt;\"><em><span style=\"font-family: georgia, palatino, serif; color: #993300;\"> Je toque \u00e0 la fen\u00eatre et quelqu\u2019un m\u2019invite \u00e0 rentrer et l\u00e0,je d\u00e9couvre un atelier d\u2019aquarelle .<\/span><\/em><\/span><\/p>\n<p style=\"text-align: justify;\"><span style=\"font-size: 14pt;\"><em><span style=\"font-family: georgia, palatino, serif; color: #993300;\">Depuis ce jour,j\u2019apprends avec fr\u00e9n\u00e9sie la maitrise de l\u2019eau et des pigments.<\/span><\/em><\/span><\/p>\n<p style=\"text-align: justify;\"><span style=\"font-size: 14pt;\"><em><span style=\"font-family: georgia, palatino, serif; color: #993300;\"> C.\u2019est l\u2019aventure tous les jours. <\/span><\/em><\/span><\/p>\n<p style=\"text-align: justify;\"><span style=\"font-size: 14pt;\"><em><span style=\"font-family: georgia, palatino, serif; color: #993300;\">Je commence en m&#8217;inscrivant \u00e0 cet atelier de quartier de rochebelle ou les premiers rudiments me sont enseign\u00e9s. <\/span><\/em><\/span><\/p>\n<p style=\"text-align: justify;\"><span style=\"font-size: 14pt;\"><em><span style=\"font-family: georgia, palatino, serif; color: #993300;\">Au bout d\u2019un an fr\u00e9quentant les galeries,les expositions et les mus\u00e9es , je vois fleurir des stages et je me dis pourquoi pas? Premiers stages avec Pelagie Berquin \u00e0 Uzes,un \u00e9blouissement.<\/span><\/em><\/span><\/p>\n<p style=\"text-align: justify;\"><span style=\"font-size: 14pt;\"><em><span style=\"font-family: georgia, palatino, serif; color: #993300;\">Ensuite un mini stage \u00e0 Aubenas me fait beaucoup r\u00e9fl\u00e9chir et je continue dans ma soif de voir et de r\u00e9aliser.<\/span><\/em><\/span><\/p>\n<p style=\"text-align: justify;\"><span style=\"font-size: 14pt;\"><em><span style=\"font-family: georgia, palatino, serif; color: #993300;\">Isabelle Fournier me donne la douceur,M Mahic me donne l\u2019orient avec les couleurs et l\u2019harmonie.\u00a0\u00a0\u00a0\u00a0\u00a0 En 2011 ma premi\u00e8re expo : au clou un superbe coq n\u00e9 une nuit .<\/span><\/em><\/span><\/p>\n<p style=\"text-align: justify;\"><span style=\"font-size: 14pt;\"><em><span style=\"font-family: georgia, palatino, serif; color: #993300;\">En 2012,c\u2019est dans un ravissant village de l\u2019H\u00e9rault que je fixe mes toiles et j\u2019\u00e9coute dans un coin,cela m\u2019a beaucoup appris .<\/span><\/em><\/span><\/p>\n<p style=\"text-align: justify;\"><span style=\"font-size: 14pt;\"><em><span style=\"font-family: georgia, palatino, serif; color: #993300;\">En \u00a02013 je m\u2019essaie dans les peintres dans la rue et je gagne le 1er prix de la station thermale d\u2019Avene en aquarelle.<\/span><\/em><\/span><\/p>\n<p style=\"text-align: justify;\"><span style=\"font-size: 14pt;\"><em><span style=\"font-family: georgia, palatino, serif; color: #993300;\">En 2014,j\u2019expose dans une ville proche d\u2019Al\u00e8s parmi 100 artistes et la je compare,je scrute et je continue dans ma qu\u00eate du mieux,du parfait. <\/span><\/em><\/span><\/p>\n<p style=\"text-align: justify;\"><span style=\"font-size: 14pt;\"><em><span style=\"font-family: georgia, palatino, serif; color: #993300;\">En 2015 ,j&#8217;ai expos\u00e9 \u00e0 Salindres , St Julien les rosiers , St Privat des vieux , Meyrannes , Av\u00e8ne les bains&#8230;<\/span><\/em><\/span><\/p>\n<p style=\"text-align: justify;\"><span style=\"font-size: 14pt;\"><em><span style=\"font-family: georgia, palatino, serif; color: #993300;\">Et cela continu!!!!.<\/span><\/em><\/span><\/p>\n<p style=\"text-align: justify;\"><span style=\"font-size: 14pt;\"><em><span style=\"font-family: georgia, palatino, serif;\"><span style=\"color: #993300;\">A suivre\u2026\u2026\u2026\u2026\u2026\u2026\u2026\u2026\u2026\u2026\u2026..<\/span><\/span><\/em><\/span><\/p>\n","protected":false},"excerpt":{"rendered":"<p>D\u00e9s mon plus jeune age,la peinture a fait partie de ma vie \u00e0 la gouache bien sur. Puis en 1985 lors d&#8217;une maladie ,j&#8217;ai eu mes premiers tubes de peinture \u00e0 l&#8217;huile. Une activit\u00e9 professionnelle intense m\u2019a \u00e9loign\u00e9 de mes tubes ainsi qu\u2019une nouvelle vie. En 2010 en sortant d\u2019un cours de gymnastique,j\u2019entends des rires [&hellip;]<\/p>\n","protected":false},"author":1,"featured_media":0,"parent":0,"menu_order":0,"comment_status":"open","ping_status":"open","template":"","meta":{"footnotes":""},"_links":{"self":[{"href":"https:\/\/aquarellepassion.fr\/wordpress\/index.php?rest_route=\/wp\/v2\/pages\/230"}],"collection":[{"href":"https:\/\/aquarellepassion.fr\/wordpress\/index.php?rest_route=\/wp\/v2\/pages"}],"about":[{"href":"https:\/\/aquarellepassion.fr\/wordpress\/index.php?rest_route=\/wp\/v2\/types\/page"}],"author":[{"embeddable":true,"href":"https:\/\/aquarellepassion.fr\/wordpress\/index.php?rest_route=\/wp\/v2\/users\/1"}],"replies":[{"embeddable":true,"href":"https:\/\/aquarellepassion.fr\/wordpress\/index.php?rest_route=%2Fwp%2Fv2%2Fcomments&post=230"}],"version-history":[{"count":35,"href":"https:\/\/aquarellepassion.fr\/wordpress\/index.php?rest_route=\/wp\/v2\/pages\/230\/revisions"}],"predecessor-version":[{"id":1680,"href":"https:\/\/aquarellepassion.fr\/wordpress\/index.php?rest_route=\/wp\/v2\/pages\/230\/revisions\/1680"}],"wp:attachment":[{"href":"https:\/\/aquarellepassion.fr\/wordpress\/index.php?rest_route=%2Fwp%2Fv2%2Fmedia&parent=230"}],"curies":[{"name":"wp","href":"https:\/\/api.w.org\/{rel}","templated":true}]}}

<p style="text-align: justify;">
<p style="text-align: justify;"><span style="font-size: 14pt;"><em><span style="font-family: georgia, palatino, serif; color: #993300;">Dés mon plus jeune age,la peinture a fait partie de ma vie à la gouache bien sur.</span></em></span><span style="font-size: 14pt;"><em><span style="font-family: georgia, palatino, serif; color: #993300;"> Puis en 1985 lors d&#8217;une maladie ,j&#8217;ai eu mes premiers tubes de peinture à l&#8217;huile.</span></em></span></p>
<p style="text-align: justify;"><span style="font-size: 14pt;"><em><span style="font-family: georgia, palatino, serif; color: #993300;">Une activité professionnelle intense m’a éloigné de mes tubes ainsi qu’une nouvelle vie.</span></em></span></p>
<p style="text-align: justify;"><span style="font-size: 14pt;"><em><span style="font-family: georgia, palatino, serif; color: #993300;">En 2010 en sortant d’un cours de gymnastique,j’entends des rires qui proviennent d’une fenêtre proche.</span></em></span></p>
<p style="text-align: justify;"><span style="font-size: 14pt;"><em><span style="font-family: georgia, palatino, serif; color: #993300;">Je regarde et je vois un groupe en train de peindre .</span></em></span></p>
<p style="text-align: justify;"><span style="font-size: 14pt;"><em><span style="font-family: georgia, palatino, serif; color: #993300;"> Je toque à la fenêtre et quelqu’un m’invite à rentrer et là,je découvre un atelier d’aquarelle .</span></em></span></p>
<p style="text-align: justify;"><span style="font-size: 14pt;"><em><span style="font-family: georgia, palatino, serif; color: #993300;">Depuis ce jour,j’apprends avec frénésie la maitrise de l’eau et des pigments.</span></em></span></p>
<p style="text-align: justify;"><span style="font-size: 14pt;"><em><span style="font-family: georgia, palatino, serif; color: #993300;"> C.’est l’aventure tous les jours. </span></em></span></p>
<p style="text-align: justify;"><span style="font-size: 14pt;"><em><span style="font-family: georgia, palatino, serif; color: #993300;">Je commence en m&#8217;inscrivant à cet atelier de quartier de rochebelle ou les premiers rudiments me sont enseignés. </span></em></span></p>
<p style="text-align: justify;"><span style="font-size: 14pt;"><em><span style="font-family: georgia, palatino, serif; color: #993300;">Au bout d’un an fréquentant les galeries,les expositions et les musées , je vois fleurir des stages et je me dis pourquoi pas? Premiers stages avec Pelagie Berquin à Uzes,un éblouissement.</span></em></span></p>
<p style="text-align: justify;"><span style="font-size: 14pt;"><em><span style="font-family: georgia, palatino, serif; color: #993300;">Ensuite un mini stage à Aubenas me fait beaucoup réfléchir et je continue dans ma soif de voir et de réaliser.</span></em></span></p>
<p style="text-align: justify;"><span style="font-size: 14pt;"><em><span style="font-family: georgia, palatino, serif; color: #993300;">Isabelle Fournier me donne la douceur,M Mahic me donne l’orient avec les couleurs et l’harmonie.      En 2011 ma première expo : au clou un superbe coq né une nuit .</span></em></span></p>
<p style="text-align: justify;"><span style="font-size: 14pt;"><em><span style="font-family: georgia, palatino, serif; color: #993300;">En 2012,c’est dans un ravissant village de l’Hérault que je fixe mes toiles et j’écoute dans un coin,cela m’a beaucoup appris .</span></em></span></p>
<p style="text-align: justify;"><span style="font-size: 14pt;"><em><span style="font-family: georgia, palatino, serif; color: #993300;">En  2013 je m’essaie dans les peintres dans la rue et je gagne le 1er prix de la station thermale d’Avene en aquarelle.</span></em></span></p>
<p style="text-align: justify;"><span style="font-size: 14pt;"><em><span style="font-family: georgia, palatino, serif; color: #993300;">En 2014,j’expose dans une ville proche d’Alès parmi 100 artistes et la je compare,je scrute et je continue dans ma quête du mieux,du parfait. </span></em></span></p>
<p style="text-align: justify;"><span style="font-size: 14pt;"><em><span style="font-family: georgia, palatino, serif; color: #993300;">En 2015 ,j&#8217;ai exposé à Salindres , St Julien les rosiers , St Privat des vieux , Meyrannes , Avène les bains&#8230;</span></em></span></p>
<p style="text-align: justify;"><span style="font-size: 14pt;"><em><span style="font-family: georgia, palatino, serif; color: #993300;">Et cela continu!!!!.</span></em></span></p>
<p style="text-align: justify;"><span style="font-size: 14pt;"><em><span style="font-family: georgia, palatino, serif;"><span style="color: #993300;">A suivre……………………………..</span></span></em></span></p>

<p>Dés mon plus jeune age,la peinture a fait partie de ma vie à la gouache bien sur. Puis en 1985 lors d&#8217;une maladie ,j&#8217;ai eu mes premiers tubes de peinture à l&#8217;huile. Une activité professionnelle intense m’a éloigné de mes tubes ainsi qu’une nouvelle vie. En 2010 en sortant d’un cours de gymnastique,j’entends des rires [&hellip;]</p>
